git of p?
0
Suppose -33*g + 1577929 + 154769 = 0. What is the units digit of g?
6
Let k(l) = 6*l**3 + 22*l**2 - 85*l + 57. What is the tens digit of k(9)?
4
Suppose 194*w = -276*w + 21359150. What is the ten thousands digit of w?
4
Suppose -36*a - 310834 = -791830. What is the units digit of a?
1
Let q = 119 - -100. Let x = q + 28. What is the tens digit of x?
4
Let x be (-2)/6*(-13 - -1). Let a(z) = z**2 + 2*z - 4. Let b be a(-4). Suppose -d - 54 = -b*l, 4*l - 22 = 3*l - x*d. What is the units digit of l?
4
Let g = -45125 + 72010. What is the thousands digit of g?
6
Let v(s) = -s - 4. Let b = 27 + -27. Let l be v(b). What is the units digit of -1 + (-12)/1*15/l?
4
What is the tens digit of 715*((-76636)/85)/(-23)?
2
Let l(u) = 660*u + 18. Let n be l(6). Suppose 2*i - n = -16*i. What is the tens digit of i?
2
Let i = -50662 + 82839. What is the units digit of i?
7
Let s be 170/(-102) - 2/(-3). What is the units digit of (s - (-235)/20)*4?
3
Let j be (-4776)/9 - 4/(-6). Suppose -235104 = 30*v - 346*v. Let x = j + v. What is the tens digit of x?
1
Let h = 14690 + -8082. What is the units digit of h?
8
Suppose -500 = -16*t + 796. What is the units digit of t/(-15) + 10/25 - -685?
0
Suppose -125 = 3*g + g + 5*s, 5 = -g + 4*s. Let v be (-3)/15 - 130/g. Let t = 136 - v. What is the hundreds digit of t?
1
Let w(s) = 210*s - 2247. What is the thousands digit of w(45)?
7
Suppose -16*c - 5*t = -53944, 13516 = 4*c + 14*t - 9*t. What is the tens digit of c?
6
Let x(z) = z**3 - 12*z**2 - 8*z + 34. Let b be x(14). Suppose 7*s + 4040 = 11*s. Suppose -s + b = -6*n. What is the units digit of n?
6
Let f = -15279 + 31567. What is the tens digit of f?
8
Let t(l) = 5*l + 59. Let w = 34 - 34. Let r be t(w). Suppose -s + r = -2*q, -q = -5*q + 16. What is the units digit of s?
7
Let f = -20195 - -24391. What is the tens digit of f?
9
Let w be (-12)/((-6)/(-2)) - -1 - -4. Let s(m) = 167*m**2 + 2*m - 1. Let k be s(w). Suppose -7*z + 0*z = -k. What is the units digit of z?
4
Let t(a) = a**2 - 20*a - 61. Let w(o) = -o**3 - 13*o**2 - 21*o - 12. Let k be w(-11). What is the tens digit of t(k)?
2
Suppose 4*g - 2444 = -744. Let h = 341 + g. What is the tens digit of h?
6
Let r = -26 - -52. Let v(l) be the second derivative of 4*l**3/3 - l**2 + 16*l. What is the units digit of v(r)?
6
Suppose 4*s - c + 0*c = 32877, -3*c - 16451 = -2*s. What is the hundreds digit of s?
2
Let u be (-14 + 2)*18/(-8). Let j(i) = -i**2 + 52*i - 87. What is the units digit of j(u)?
8
Let i(x) be the second derivative of -1/6*x**3 + 0 - 11*x + 1/12*x**4 - 11*x**2. What is the units digit of i(-10)?
8
What is the tens digit of (-636)/(-3)*(-1)/(2 - (-90)/(-42))?
8
Suppose -6*p - y + 34377 = -2*p, 5*p - 42990 = 5*y. What is the tens digit of p?
9
Let t = -648 - -970. Let h = t - -141. What is the hundreds digit of h?
4
Let t(m) = 5*m + 13. Let f(n) = 20*n + 51. Let y(u) = 4*f(u) - 18*t(u). Let i(g) = -10*g - 31. Let v(z) = -4*i(z) + 3*y(z). What is the tens digit of v(8)?
1
Suppose 149*s + 145*s = 297*s - 16344. What is the hundreds digit of s?
4
Let i = 15176 - -3755. What is the thousands digit of i?
8
Let s(h) = h**3 + 2*h**2 + 2*h + 19. Suppose -33*d + 29*d = 0. Let b be s(d). What is the hundreds digit of (b/(-19))/(2/(-328))?
1
Let s(c) = -5*c - 33. Let o be s(-8). Let i(y) = 49 + y**3 + 9*y**2 - 65 - 4*y + o*y. What is the tens digit of i(-7)?
6
Let m(j) = -303*j - 256. What is the units digit of m(-25)?
9
Suppose -6*w = 2*w + 7*w. Suppose -2*o - 3*r + 360 = w, -o - 4*r + 173 = -6*r. What is the units digit of o?
7
Suppose -m = -4*r + 18, -2*r - 2*m + 12 = -m. Suppose 26 = r*d - 4. Let q(x) = 4*x + 3. What is the tens digit of q(d)?
2
Let x = 8 - 14. Let z be (-26)/x + (-6)/(-9). Suppose -372 = -z*n + n. What is the units digit of n?
3
Let m(k) = -3*k**2 - 7*k - 3. Let r be m(-3). Let x = 11 + r. Suppose 5*u - 268 = x*u - 5*s, -5*u = s - 410. What is the units digit of u?
1
Suppose 0 = -7*p + 3*p + 112. Let z be (6 + p/7)*2/(-4). What is the units digit of 2290/50 + (-1)/z?
6
Suppose 5*u - f - 16366 = -4561, 0 = -5*u - 4*f + 11830. What is the tens digit of u?
6
Let g(d) = -2*d + 66. Let m be g(-11). Suppose 0 = -6*n + 13*n - 3024. Suppose -82*t + m*t = n. What is the units digit of t?
2
Let y be 2/(-4)*(3 - 3). Suppose -197*n + 7219 = -4439 - 162. Suppose y = -4*p + n + 272. What is the units digit of p?
3
Let w(i) be the first derivative of 45 + i**3 + i**2 + 119*i + 0*i**2 - 8*i**3 + 8*i**3. What is the units digit of w(0)?
9
Let c = 773 - 224. What is the units digit of (-1)/((-4)/c) + 15/20?
8
Suppose 11*o = -o - 1368. Let g = o + 118. Suppose -g*x - 927 = -5*t, -t - 2*x = -4*t + 555. What is the hundreds digit of t?
1
Suppose 5*g - 4*p + 82 = 0, -4*p - 77 + 15 = 3*g. What is the tens digit of (g/(-8))/(75/18200)?
4
Let u(n) = -139 + 84*n + 54 - 114*n. What is the tens digit of u(-9)?
8
Let g(k) = 6527*k**3 + k**2. What is the hundreds digit of g(1)?
5
Suppose -35 = -11*b + 6*b. Let j be (b/2)/((-52)/(-8) + -6). Suppose -14*k + 847 = -j*k. What is the tens digit of k?
2
Suppose -4*u + 13263 = 5*c - 16114, -3*u + 9 = 0. What is the units digit of c?
3
Let h = -3911 + 5637. What is the units digit of h?
6
Suppose -499 = 2*w - 4*j - 39, 0 = -j - 4. Suppose p - 327 = -5*u, -4*p + 5*u + 1151 = -282. Let n = p + w. What is the hundreds digit of n?
1
Suppose 4*l - 12 = 0, f = 15*l - 19*l - 215. Let z = f - -292. What is the units digit of z?
5
Let m be 702/12*(-8)/(-18). Let q be (252/(-24))/((-2)/28). Suppose q = m*d - 25*d. What is the units digit of d?
7
Suppose -16*r - 1815618 = -327*r. What is the hundreds digit of r?
8
Let p(y) = -2*y + 84. Let a be 2/(4/50) + -1. Let m = a - 24. What is the units digit of p(m)?
4
Let k = -40 + 46. Suppose -k*s + 115 = -3*s + q, -4*s = 5*q - 146. Let n = 52 - s. What is the tens digit of n?
1
Let n(c) = -63*c + 29. Let x be 1380/(-156) + 9 - 93/13. What is the units digit of n(x)?
0
Let v(f) = -12*f**3 - 5*f**2 + 29*f + 440. What is the tens digit of v(-8)?
3
Suppose -12 = -0*i - 3*i + 3*n, -4*i + 14 = -2*n. Suppose -5*k + u = -120, 109 - 15 = i*k - 5*u. Let l = k - 20. What is the units digit of l?
3
Let x = 141 - 141. Let t be 2 + x + 2252/(7 + -3). Suppose 0 = 4*g + g - t. What is the hundreds digit of g?
1
Let z be ((-3)/(42/(-4)))/(5/70). Let h(b) = 3*b**3 - 4*b**2 + 12*b - 6. Let j be h(z). Let g = j - 102. What is the tens digit of g?
6
Let s = 4649 - 2738. What is the hundreds digit of s?
9
What is the thousands digit of 24/312 + 84928/13?
6
Let a = 4720 - 2239. Suppose 0 = -8*g + 1031 + a. What is the units digit of g?
9
Suppose 0*j - 10 = -5*j + 5*r, -r = 5*j - 40. Suppose 0 = -5*k + j*k. Suppose -264 = -3*s + 5*i, k = 2*s + 2*i - i - 176. What is the tens digit of s?
8
Let b be 6/(-1) + 455 + 9. Let h = b + -101. What is the units digit of h?
7
Suppose 5*q - 2*m - 35583 = 356, 0 = 3*m + 6. What is the tens digit of q?
8
Let d be 276/(-60) + 8 + 2/(-5). What is the units digit of 78/9 - d/(-9)*1?
9
Suppose 3*u - 4648 - 4910 = -j, 4*j + 5*u = 38253. What is the hundreds digit of j?
5
Let l(u) = 2*u**2 + 6*u + 10. Let q be l(-4). Suppose -3*n - 1785 = -q*n. What is the tens digit of n?
1
Let g be (-2)/(-10) + (-8160)/(-75). Suppose -77 = -12*v + 13*v. Let t = g + v. What is the units digit of t?
2
Let v(d) = 29323*d**3 + d**2 + 4*d - 3. What is the thousands digit of v(1)?
9
Let u = 770 + 2832. What is the hundreds digit of u?
6
Let a(w) be the second derivative of -13/3*w**3 - 27*w**2 - 21*w + 0. What is the units digit of a(-7)?
8
Suppose 191*w - 194*w + 161958 = 0. Suppose w = 50*x + 19936. What is the units digit of x?
1
Let h = -25427 - -40816. What is the units digit of h?
9
Suppose 114*q + 107*q - 20537 = 210*q. What is the thousands digit of q?
1
Let q = 423 + -406. Let p(h) = 4*h**2 - 15*h - 120. What is the hundreds digit of p(q)?
7
Let r(w) = 97*w**2 + 7*w - 511. What is the units digit of r(-20)?
9
Let y(b) = -3*b**3 - 37*b**2 + 2*b - 117. What is the ten thousands digit of y(-25)?
2
Let l be 7 - (-138070)/40 - 1/(-4). Suppose 4*k + 743 = l. What is the units digit of k?
9
Let z = -200 + -34. Let s = -114 - z. Suppose 55 = 2*k + 3*u - s, -3*k - u + 280 = 0. What is the units digit of k?
5
Let u be (41/(-2) - 2)/((-139)/43646). Supp